.
89
Suppose 0 = -f - 2*l - 8, 0*l - 16 = 4*f + 4*l. Suppose -4*u + 4 = -f*u, -n + u = 15. Let z = 8 - n. What are the prime factors of z?
2, 11
Let m(t) = -75*t - 257. Let i be m(33). What are the prime factors of (-15)/(-40)*-2*i?
3, 683
Let l(k) = -14*k + 170. Let f be l(12). Suppose 0 = -o - f - 1, 4*i + 2*o - 2334 = 0. List the prime factors of i.
3, 5, 13
Let x = -48 + 53. Suppose 0 = 3*f + 4*t + 16, f + 20 = -f - x*t. Suppose f = 185*j - 181*j - 736. List the prime factors of j.
2, 23
Let m(v) = 39*v**2 - 34*v + 34. List the prime factors of m(28).
2, 3, 4943
Let k(i) = 29*i + 68. Suppose 3*j + 1 = -d, -41 = -5*d + 3*j - 10. List the prime factors of k(d).
3, 71
Suppose p - 3 = 4*p + 4*r, -5*p - 5*r = 0. Let z(v) = -v**2 - 7*v + 2. Let m be z(-7). Suppose -p = -3*t, -2*y + 5*t + 143 = m*y. List the prime factors of y.
37
Let k be -1*(23785/(-25) + 15/(-25)). Suppose 379*l = 380*l - k. List the prime factors of l.
2, 7, 17
Let o(m) = -5*m + 35. Let b be o(3). What are the prime factors of (b + -21)/(((-2)/(-1524))/(-1))?
2, 3, 127
Suppose 3*f = 4*w - 35440, -f + 44281 = 95*w - 90*w. List the prime factors of w.
17, 521
Suppose 0 = -3*h + 15, -3*u + h = 6*h - 97. Let m(b) = -6*b + 60. Let v be m(10). Suppose -u*k + 20*k + 436 = v. List the prime factors of k.
109
Let t = 166 + -164. Suppose -t*a = -1057 - 729. What are the prime factors of a?
19, 47
Let v be 589/2 + 1/(-2). Suppose -1371*j = -1365*j. Suppose 97*l - 94*l - v = j. What are the prime factors of l?
2, 7
Suppose i - 14*o = -13*o + 145, -5*i - 3*o = -717. List the prime factors of (4/(i/(-348)))/(1/(-147)).
7, 29
Let p(i) be the second derivative of i**5/20 + 3*i**4/4 - 4*i**3/3 - 17*i**2/2 + 4*i. Let u be p(-9). Let j = u - 13. List the prime factors of j.
2, 3, 7
Let r = -42 - -43. What are the prime factors of (-5 + (r - -4) - -170) + -5?
3, 5, 11
Let z = -27 - -39. Suppose -h - h = -z. Suppose -c + 92 = h. What are the prime factors of c?
2, 43
Let k = -519 + 1070. Let c = -287 + k. List the prime factors of c.
2, 3, 11
Let c be 43562/8 + (-12)/48 + 0. Suppose -1437 = -2*o - 5*z, 5*o = -z + c - 1841. List the prime factors of o.
7, 103
Suppose -2*k - 2*y = 3*y + 17, 5*y + 25 = 0. Suppose 3*m - c - 391 = 0, -k*m + 2*c - 55 + 579 = 0. List the prime factors of m.
3, 43
Let m = 3090 - 1808. Suppose -14*c + m = -174. List the prime factors of c.
2, 13
Suppose 0*m + 4 = -4*m. What are the prime factors of (m + -2)*-137 - -1?
2, 103
Let y(h) be the second derivative of -h**4/3 - 11*h**3/6 - 21*h**2/2 + 15*h. Let r be y(-4). Let s = r + 101. List the prime factors of s.
2, 3, 5
Let v(o) = 29*o - 173. Let k be v(8). Suppose -69*p = -k*p - 11070. What are the prime factors of p?
3, 41
List the prime factors of 8/(-244) - 6534330/(-305).
2, 13, 103
Suppose -190*i - 409840 = -284*i. What are the prime factors of i?
2, 5, 109
Suppose -736 - 29 = 3*q. Let k = 1269 + q. List the prime factors of k.
2, 3, 13
Let h(w) = 7*w + 2. Let l be h(2). Let n = l - -110. Let r = n + -47. List the prime factors of r.
79
Suppose -18*o = -19*o + 2. Suppose -n + 10 = p + p, 0 = -o*n. Suppose -p*r - 28 = -2*l - 2*r, 4*l - 3*r = 56. What are the prime factors of l?
2, 7
Let j(m) = -27 + 14*m - 28 + 58 - 48*m**2 + 3*m**3 + 2*m. List the prime factors of j(17).
2, 571
Let h(r) = r**2 + 42*r + 38. Let c(j) = j**2 + 40*j + 38. Let b(a) = -6*c(a) + 5*h(a). List the prime factors of b(-14).
2, 3, 31
Let t = -754 - -854. What are the prime factors of 36104/20 + (-20)/t?
5, 19
Let q(v) = -2*v + 6. Let n be q(6). Let r be (-16)/4*n/(-12). What are the prime factors of -4 + (r - -38) + 2?
2, 17
Suppose -4*x - 15 = -9*x. Suppose -680 = x*l - 2312. List the prime factors of l.
2, 17
Let f be (-8778)/(-315) - 4/(-30). Suppose 23*v - 2*r + 1624 = f*v, -3*r + 6 = 0. What are the prime factors of v?
2, 3
Let f(j) = 6*j**3 - 17*j**2 - 22*j + 18. Let y(l) = -l**3 - l. Let u(m) = -f(m) - 5*y(m). Suppose -c + 138 - 120 = 0. What are the prime factors of u(c)?
2, 3
Suppose -5*m - l + 118119 = 0, -5*m + 118083 = 17*l - 10*l. What are the prime factors of m?
3, 5, 7
Suppose 0 = v + 2*l + 4 - 1, -2*l - 12 = -2*v. Suppose -7 - 2 = 3*q, v*q = -4*h - 25. List the prime factors of (-3 - h - 73)/(-1).
2, 3
Let b(l) = 10*l**2 - 3*l - 3. Let o(p) = 1. Let x(f) = -b(f) - o(f). Let a be x(-1). What are the prime factors of 160 - 1 - (a - -2)/3?
2, 3
Suppose 0 = -v + 3*s - 6, 0 = -v - 5*s + 10 - 0. Suppose 3*f = -v*f + 6. Suppose 2*r - 48 = f*w, 2*w + 28 - 1 = r. What are the prime factors of r?
3, 7
Let v(u) = -3*u + 1155. List the prime factors of v(-28).
3, 7, 59
Suppose -29239 - 22529 = -80*d - 20008. List the prime factors of d.
397
Suppose 2*k = -2*k + 28. Suppose 4 + 10 = k*c. Let m(b) = 9*b**3 + 2*b**2 + b + 1. What are the prime factors of m(c)?
83
Let y be (-63)/105*(0 + 5). List the prime factors of 345 + (15 + y)/3.
349
Let n(s) = -41*s**3 - 2*s**2 - 19*s - 32. Let d be n(-2). Suppose 6*k - d = -62. What are the prime factors of k?
2, 11
Let r = -3586 - -7913. Suppose -17351 = -2*m - r. List the prime factors of m/56 - 2/7.
2, 29
Let n(t) = t**3 - 32*t**2 - 30*t - 107. Let r(a) = a**3 - 31*a**2 - 31*a - 107. Let w(c) = 4*n(c) - 3*r(c). What are the prime factors of w(36)?
7, 31
Suppose -8*c + 35 = -4*c + 5*v, 0 = -3*c + 5*v + 70. Suppose 2*f + c*f = -44642. List the prime factors of (f/(-39) - (-2)/3) + -4.
2
Let p(u) = u**3 - 5*u**2 - 8*u + 53. Let l be p(9). Suppose 2*b + x = 1095 + l, 4*x = -5*b + 3503. What are the prime factors of b?
3, 233
Let q = 388 + -200. Suppose 0 = 5*s - 5*m + q - 1053, -158 = -s + 4*m. What are the prime factors of s?
2, 89
Suppose 12*x - 9 = 159. Suppose -2*a = -r - 1123, x*r - 18*r + 2276 = 4*a. What are the prime factors of a?
2, 3, 47
Let r be 35/(-2)*40/(-70) + -2. Suppose -3999 = -r*a + 4297. What are the prime factors of a?
17, 61
Suppose 3416276 = 27*k + 131*k. List the prime factors of k.
2, 19, 569
Suppose 5*o = b + 27, -4*b = -2*b + 2*o - 6. List the prime factors of 2043/(-12)*b*16/12.
2, 227
Let p = 727 + 299. Suppose k = -2*c + 316, -242 = -4*k - 4*c + p. List the prime factors of k.
2, 3, 53
Let s = -47887 + 68213. List the prime factors of s.
2, 10163
Let s = 116 + -73. Suppose -s*j = -44*j + 12. List the prime factors of (-204)/(-1) - (13 - j).
7, 29
Let y = -960 - -8719. List the prime factors of y.
7759
Let f(q) = -18*q - 2. Suppose 146*g = 143*g - 27. List the prime factors of f(g).
2, 5
List the prime factors of (6216 - (6 + -8))*(-1)/(-1).
2, 3109
Let u(n) = -778*n + 3955. List the prime factors of u(-15).
5
Let j(g) = 1102*g**2 - 370*g + 3051. What are the prime factors of j(8)?
70619
List the prime factors of ((-15428)/(-42))/(36/2538).
19, 29, 47
Suppose 1940 - 8193 = -u + 1800. What are the prime factors of u?
8053
Let x(q) = -16*q**2 + 75*q - 5. Let y be x(10). Let l(m) = 26*m - 1. Let r be l(-1). What are the prime factors of y/r + (-2)/(-6)?
2
Let a be (3*10/3)/((-26)/(-4459)). Suppose 4*t = m + 1384, 0*m + 5*m + a = 5*t. List the prime factors of t.
347
Let z = 44 + -43. Let b be (z - -1)/((-12)/(-48)). What are the prime factors of (-8)/(b/(-2)) + 84?
2, 43
Suppose c = -5*c + 78. Let y(a) = -a**3 + 16*a**2 - 23*a - 13. List the prime factors of y(c).
3, 5, 13
Let w = 2327 + 4795. List the prime factors of w.
2, 3, 1187
Suppose -3414*f + 3342*f = -1793664. What are the prime factors of f?
2, 3, 173
Suppose 1509*g + 257649 = 1530*g. What are the prime factors of g?
12269
Suppose -y = 2*o - 3314, 0 = y - 4*o + 3*o - 3329. Suppose y = 20*f - 14*f. List the prime factors of f.
2, 277
Suppose -2*r = 2*p - 7460, -5*p - 2*r + 1328 = -17322. What are the prime factors of p?
2, 5, 373
Let c be ((-116)/(-203))/(3/21). Suppose -5*t - 64 = 6. List the prime factors of -2 + 119/t*(0 - c).
2
Let o = -3251 - -11872. List the prime factors of o.
37, 233
Let l(g) = -g**3 - 2*g**2 - 2*g + 4. Let n be l(1). What are the prime factors of (-2858 + n)/(((-45)/(-3))/(-5))?
953
Let m(t) = 72*t**3 - 6*t**2 + 15*t - 7. Let q be m(6). Let w be 4/(-10) + q/85. List the prime factors of w - (3 - 0) - -5.
3, 61
Let a = 1667 - -942. List the prime factors of a.
2609
Suppose -16*b - 19*b + 111803 = -12*b. List the prime factors of b.
4861
List the prime factors of -21*3/(-9)*69 - (-26 + 28).
13